{"id":3332,"date":"2013-03-28T22:47:24","date_gmt":"2013-03-28T13:47:24","guid":{"rendered":"http:\/\/webcraft.b38.coreserver.jp\/kaleiilimaokalani.jp\/?page_id=3332"},"modified":"2024-11-05T10:52:03","modified_gmt":"2024-11-05T01:52:03","slug":"access","status":"publish","type":"page","link":"https:\/\/kaleiilimaokalani.jp\/?page_id=3332","title":{"rendered":"\u6559\u5ba4\u3078\u306e\u9053\u9806"},"content":{"rendered":"<h2>\u6559\u5ba4\u3078\u306e\u30a2\u30af\u30bb\u30b9<\/h2>\n<table class=\"access\">\n<tbody>\n<tr>\n<th>\u540d\u3000\u79f0<\/th>\n<td>\u30af\u30cf\u30a4\u30cf\u30fc\u30e9\u30a6\u30fb\u30aa\u30fb\u30ab\u30ec\u30a4\u30a4\u30ea\u30de\u30aa\u30ab\u30e9\u30cb\u30fb\u30d1\u30fc\u2022\u30aa\u30fc\u30e9\u30d1\u2022\u30ab\u30d2\u30b3<br \/>\nKuhai H\u0101lau \u014c Kalei&#8217;ilimaokalani P\u0101 \u02bb\u014clapa Kahiko<\/td>\n<\/tr>\n<tr>\n<th>\u96fb\u3000\u8a71<\/th>\n<td>011-676-3796\u3000\uff08\u6708\uff5e\u571f\u66dc\u3000AM9\u6642\uff5ePM6\u6642\uff09<\/td>\n<\/tr>\n<tr>\n<th>\u4f4f\u3000\u6240<\/th>\n<td>\u672d\u5e4c\u5e02\u4e2d\u592e\u533a\u5bae\u30f6\u4e18\uff11\u4e01\u76ee1-45 Site01\u5bae\u30f6\u4e18 212\u53f7<\/td>\n<\/tr>\n<tr>\n<th>\u6700\u5bc4\u99c5<\/th>\n<td>\u5730\u4e0b\u9244\u6771\u897f\u7dda \u5186\u5c71\u516c\u5712\u99c5 1\u756a\u51fa\u53e3 \u5f92\u6b695\u5206<br \/>\n\u5730\u4e0b\u9244\u6771\u897f\u7dda \u897f28\u4e01\u76ee\u99c5 3\u756a\u51fa\u53e3 \u5f92\u6b695\u5206<\/td>\n<\/tr>\n<tr>\n<th>\u99d0\u8eca\u5834<\/th>\n<td>\u6559\u5ba4\u5c02\u7528\u306e\u99d0\u8eca\u5834\u306f\u3054\u3056\u3044\u307e\u305b\u3093\u3002\u8fd1\u96a3\u306e\u99d0\u8eca\u5834\u3092\u3054\u5229\u7528\u304f\u3060\u3055\u3044\u3002<\/td>\n<\/tr>\n<\/tbody>\n<\/table>\n<p><iframe class=\"map\" src=\"https:\/\/maps.google.co.jp\/maps?f=q&amp;source=s_q&amp;hl=ja&amp;geocode=&amp;q=%E6%9C%AD%E5%B9%8C%E5%B8%82%E4%B8%AD%E5%A4%AE%E5%8C%BA%E5%AE%AE%E3%83%B6%E4%B8%98%EF%BC%91%E4%B8%81%E7%9B%AE1-45&amp;aq=&amp;sll=43.057763,141.313067&amp;sspn=0.001535,0.002658&amp;brcurrent=3,0x5f0b29e789ce1ba7:0x57ca63fa35d2e815,0&amp;ie=UTF8&amp;hq=&amp;hnear=%E5%8C%97%E6%B5%B7%E9%81%93%E6%9C%AD%E5%B9%8C%E5%B8%82%E4%B8%AD%E5%A4%AE%E5%8C%BA%E5%AE%AE%E3%82%B1%E4%B8%98%EF%BC%91%E4%B8%81%E7%9B%AE%EF%BC%91%E2%88%92%EF%BC%94%EF%BC%95&amp;ll=43.057931,141.312955&amp;spn=0.006138,0.010632&amp;t=m&amp;z=17&amp;output=embed&amp;iwloc=B\" frameborder=\"0\" marginwidth=\"0\" marginheight=\"0\" scrolling=\"no\"><\/iframe><br \/>\n<small><a style=\"color: #0000ff; text-align: left;\" href=\"https:\/\/maps.google.co.jp\/maps?f=q&amp;source=embed&amp;hl=ja&amp;geocode=&amp;q=%E6%9C%AD%E5%B9%8C%E5%B8%82%E4%B8%AD%E5%A4%AE%E5%8C%BA%E5%AE%AE%E3%83%B6%E4%B8%98%EF%BC%91%E4%B8%81%E7%9B%AE1-45&amp;aq=&amp;sll=43.057763,141.313067&amp;sspn=0.001535,0.002658&amp;brcurrent=3,0x5f0b29e789ce1ba7:0x57ca63fa35d2e815,0&amp;ie=UTF8&amp;hq=&amp;hnear=%E5%8C%97%E6%B5%B7%E9%81%93%E6%9C%AD%E5%B9%8C%E5%B8%82%E4%B8%AD%E5%A4%AE%E5%8C%BA%E5%AE%AE%E3%82%B1%E4%B8%98%EF%BC%91%E4%B8%81%E7%9B%AE%EF%BC%91%E2%88%92%EF%BC%94%EF%BC%95&amp;ll=43.057931,141.312955&amp;spn=0.006138,0.010632&amp;t=m&amp;z=14\">\u5927\u304d\u306a\u5730\u56f3\u3067\u898b\u308b<\/a><\/small><\/p>\n<h2>\u6559\u5ba4\u3078\u306e\u304a\u8d8a\u3057\u306e\u969b\u306b\u306f<\/h2>\n<p>\u521d\u3081\u3066\u306e\u6765\u8a2a\u306e\u969b\u306b\u306f\u3001\u4f4f\u6240\u3068\u96fb\u8a71\u756a\u53f7\u3092\u304a\u63a7\u3048\u304f\u3060\u3055\u3044\u3002<br \/>\n\u5834\u6240\u304c\u591a\u5c11\u308f\u304b\u308a\u306b\u304f\u3044\u5834\u6240\u306b\u3042\u308a\u307e\u3059\u306e\u3067\u3001\u8ff7\u3063\u305f\u5834\u5408\u306b\u306f\u9060\u616e\u306a\u304f\u96fb\u8a71\u3067\u3054\u9023\u7d61\u304f\u3060\u3055\u3044\u3002<\/p>\n<p>\u6559\u5ba4\u306f\u30b9\u30bf\u30fc\u30d0\u30c3\u30af\u30b9\u5bae\u30f6\u4e18\u5e97\u306e\u96a3\u3067\u3059<br \/>\n\u5efa\u7269\u306e\u7384\u95a2\u306f\u300c\uff12\u30ab\u6240\u300d\u3042\u308a\u300c\u5965\u306e\u65b9\u306e\u5165\u308a\u53e3\u300d\u3088\u308a\u304a\u5165\u308a\u304f\u3060\u3055\u3044\u3002<\/p>\n<p>\u7384\u95a2\u306f\u30aa\u30fc\u30c8\u30ed\u30c3\u30af\u306b\u306a\u3063\u3066\u304a\u308a\u307e\u3059\u306e\u3067\u3001<br \/>\n\u90e8\u5c4b\u756a\u53f7\u300c\uff12\uff11\uff12\u300d\u3092\u62bc\u3057\u3066\u547c\u3073\u51fa\u3057\u30dc\u30bf\u30f3\u3092\u62bc\u3057\u3066\u304f\u3060\u3055\u3044\u3002<\/p>\n<p>\u81ea\u52d5\u30c9\u30a2\u306e\u30ed\u30c3\u30af\u304c\u89e3\u9664\u3055\u308c\u307e\u3057\u305f\u3089\u3001\u968e\u6bb5\u304b\u30a8\u30ec\u30d9\u30fc\u30bf\u3092\u304a\u4f7f\u3044\u306b\u306a\u3063\u3066<br \/>\n\uff12\u968e\u306b\u3042\u308b\uff12\uff11\uff12\u53f7\u5ba4\u306b\u304a\u8d8a\u3057\u304f\u3060\u3055\u3044\u3002<\/p>\n<h2>\u6559\u5ba4\u307e\u3067\u306e\u8a73\u7d30\u306a\u9053\u9806<\/h2>\n<p>\u5efa\u7269\u5916\u89b3\u3067\u3059\u3002\u96a3\u306b\u306f\u3001\u30af\u30c3\u30c1\u30fc\u30ca\u5186\u5c71\u5e97\u304c\u3042\u308a\u307e\u3059\u3002<br \/>\n<img loading=\"lazy\" class=\"alignnone size-full wp-image-3120\" src=\"wp-content\/uploads\/p1020432.png\" alt=\"\u5efa\u7269\u5916\u89b3\" width=\"509\" height=\"400\" \/><\/p>\n<p>\u5916\u306e\u5165\u308a\u53e3\u4ed8\u8fd1\u3067\u3059\u3002<br \/>\n<img loading=\"lazy\" class=\"alignnone size-full wp-image-3121\" src=\"wp-content\/uploads\/p1020431.png\" alt=\"\u5efa\u7269\u5165\u53e3\u4ed8\u8fd1\" width=\"509\" height=\"400\" \/><\/p>\n<p><img loading=\"lazy\" class=\"alignnone size-full wp-image-3125\" src=\"wp-content\/uploads\/p1020433.png\" alt=\"p1020433\" width=\"509\" height=\"400\" \/><\/p>\n<p>\u5165\u308a\u53e3\u3092\u5165\u308b\u3068\u3001\uff12\u3064\u7384\u95a2\u304c\u3042\u308a\u307e\u3059\u306e\u3067\u3001\u5965\u306e\u65b9\u306e\u7384\u95a2\u306b\u304a\u3059\u3059\u307f\u304f\u3060\u3055\u3044\u3002<br \/>\n<img loading=\"lazy\" class=\"alignnone size-full wp-image-3127\" src=\"wp-content\/uploads\/p1020434.png\" alt=\"p1020434\" width=\"509\" height=\"400\" \/><\/p>\n<p><img loading=\"lazy\" class=\"alignnone size-full wp-image-3126\" src=\"wp-content\/uploads\/p1020435.png\" alt=\"p1020435\" width=\"509\" height=\"400\" \/><\/p>\n<p>\u7384\u95a2\u3092\u5165\u3089\u308c\u307e\u3057\u305f\u3089\u3001\u30aa\u30fc\u30c8\u30ed\u30c3\u30af\u3067\u3059\u306e\u3067\u300c212\u300d\u3092\u62bc\u3057\u3066\u304a\u547c\u3073\u51fa\u3057\u9858\u3044\u307e\u3059\u3002<br \/>\n<img loading=\"lazy\" class=\"alignnone size-full wp-image-3128\" src=\"wp-content\/uploads\/p1020436.png\" alt=\"p1020436\" width=\"509\" height=\"400\" \/><\/p>\n<p>\u4e2d\u306b\u5165\u308b\u3068\u968e\u6bb5\u3068\u30a8\u30ec\u30d9\u30fc\u30bf\u30fc\u3082\u3042\u308a\u307e\u3059\u3002\u968e\u6bb5\u306f\u9577\u304f\u3042\u308a\u307e\u305b\u3093\u3002\u8eab\u4f53\u304c\u304a\u8f9b\u3044\u65b9\u3001\u30d9\u30d3\u30fc\u30ab\u30fc\u306a\u3069\u304a\u4f7f\u3044\u306e\u65b9\u306f\u30a8\u30ec\u30d9\u30fc\u30bf\u30fc\u3092\u3054\u5229\u7528\u304f\u3060\u3055\u3044\u3002<br \/>\n<img loading=\"lazy\" class=\"alignnone size-full wp-image-3129\" src=\"wp-content\/uploads\/p1020437.png\" alt=\"p1020437\" width=\"509\" height=\"400\" \/><\/p>\n<p>\u30b5\u30ed\u30f3\u306b\u5165\u308b\u6249\u3067\u3059\u3002<br \/>\n<img loading=\"lazy\" class=\"alignnone size-full wp-image-3130\" src=\"wp-content\/uploads\/p1020438.png\" alt=\"p1020438\" width=\"509\" height=\"400\" \/><\/p>\n<p>\u6249\u3092\u958b\u304f\u3068\u3053\u3093\u306a\u96f0\u56f2\u6c17\u30fb\u30fb\u3053\u3053\u306f\u5165\u308a\u53e3\u3067\u3059\u3002<br \/>\n\u30a2\u30ed\u30de\u30b0\u30c3\u30ba\u3001\u30d1\u30ef\u30fc\u30b9\u30c8\u30fc\u30f3\u3001CD\u3001\u30db\u30ef\u30a4\u30c8\u30bb\u30fc\u30b8\u3001\u30cf\u30ef\u30a4\u30b0\u30c3\u30ba\u3082\u8ca9\u58f2\u3057\u3066\u304a\u308a\u307e\u3059\u3002<br \/>\n<img loading=\"lazy\" class=\"alignnone size-full wp-image-3131\" src=\"wp-content\/uploads\/p1020439.png\" alt=\"p1020439\" width=\"509\" height=\"400\" \/><\/p>\n<p><img loading=\"lazy\" class=\"alignnone size-full wp-image-3132\" src=\"wp-content\/uploads\/p1020440.png\" alt=\"p1020440\" width=\"313\" height=\"405\" \/><\/p>\n","protected":false},"excerpt":{"rendered":"<p>\u6559\u5ba4\u3078\u306e\u30a2\u30af\u30bb\u30b9 \u540d\u3000\u79f0 \u30af\u30cf\u30a4\u30cf\u30fc\u30e9\u30a6\u30fb\u30aa\u30fb\u30ab\u30ec\u30a4\u30a4\u30ea\u30de\u30aa\u30ab\u30e9\u30cb\u30fb\u30d1\u30fc\u2022\u30aa\u30fc\u30e9\u30d1\u2022\u30ab\u30d2\u30b3 Kuhai H\u0101lau \u014c Kalei&#8217;ilimaokalani P\u0101 \u02bb\u014clapa Kahiko \u96fb\u3000\u8a71 011- [&hellip;]<\/p>\n","protected":false},"author":2,"featured_media":3333,"parent":0,"menu_order":0,"comment_status":"open","ping_status":"open","template":"","meta":[],"acf":[],"_links":{"self":[{"href":"https:\/\/kaleiilimaokalani.jp\/index.php?rest_route=\/wp\/v2\/pages\/3332"}],"collection":[{"href":"https:\/\/kaleiilimaokalani.jp\/index.php?rest_route=\/wp\/v2\/pages"}],"about":[{"href":"https:\/\/kaleiilimaokalani.jp\/index.php?rest_route=\/wp\/v2\/types\/page"}],"author":[{"embeddable":true,"href":"https:\/\/kaleiilimaokalani.jp\/index.php?rest_route=\/wp\/v2\/users\/2"}],"replies":[{"embeddable":true,"href":"https:\/\/kaleiilimaokalani.jp\/index.php?rest_route=%2Fwp%2Fv2%2Fcomments&post=3332"}],"version-history":[{"count":11,"href":"https:\/\/kaleiilimaokalani.jp\/index.php?rest_route=\/wp\/v2\/pages\/3332\/revisions"}],"predecessor-version":[{"id":13178,"href":"https:\/\/kaleiilimaokalani.jp\/index.php?rest_route=\/wp\/v2\/pages\/3332\/revisions\/13178"}],"wp:featuredmedia":[{"embeddable":true,"href":"https:\/\/kaleiilimaokalani.jp\/index.php?rest_route=\/wp\/v2\/media\/3333"}],"wp:attachment":[{"href":"https:\/\/kaleiilimaokalani.jp\/index.php?rest_route=%2Fwp%2Fv2%2Fmedia&parent=3332"}],"curies":[{"name":"wp","href":"https:\/\/api.w.org\/{rel}","templated":true}]}}